
Let q be (4992/(-130))/(0 - (-3)/(-10)). Suppose -42 = 126*t - q*t. List the prime factors of t.
3, 7
List the prime factors of (2 + 641/4)*(-71 + 87).
2, 11, 59
Let a be ((-3)/6)/(6/(-216)). Let o = a + -17. Let w = 25 + o. List the prime factors of w.
2, 13
Suppose -4*r = 3*a - 2862, -3*r + 2*r - 3*a = -711. List the prime factors of r.
3, 239
Suppose -4*f = 3*v - 973, 0 = 4*f - v + 101 - 1062. List the prime factors of f.
241
Suppose 5338 - 671 = 13*f. List the prime factors of f.
359
Suppose 2*v + 18 = -v - 2*f, 0 = -5*v - 3*f - 29. What are the prime factors of 170/(-5)*v/8?
17
Suppose 2*r = 4*u + 5*r + 1059, 3*u = -r - 793. What are the prime factors of 2/22*2059 - (-48)/u?
11, 17
Suppose 2*d + 55 = 3*f, 3*d - 3*f = -0*f - 81. Let w = 101 - d. What are the prime factors of w?
127
Let s(k) be the first derivative of 2*k**3 + k**2/2 - 14*k - 6. List the prime factors of s(-6).
2, 7
Let y be (0 - 99/(-15))*-5. List the prime factors of (19 + (-1 - -4))*y/(-6).
11
Let v = -76 + 108. Suppose 0 = 3*g - 4*g - 4*z - v, 0 = 3*g + 2*z + 86. Let s = -9 - g. What are the prime factors of s?
19
Let l = -544 + 1011. What are the prime factors of l?
467
Suppose -3*g - 266 = -10*g. Suppose 3*w = -206 + g. List the prime factors of (-14)/(-21) - w/6.
2, 5
Let o(h) = 22*h - 5*h - 4 - 5. List the prime factors of o(3).
2, 3, 7
Suppose -4*p = 4*g - 32, -3*p - 2*p = -4*g - 4. Suppose 0 = -2*k + g + 82. Let z = 64 - k. List the prime factors of z.
3, 7
Let y(x) = 9*x + 7. Let g be y(10). What are the prime factors of 15 + g + (-3)/(1/1)?
109
Let i(f) = 11 + 340*f - 169*f - 170*f. Suppose 0*d - 3*d + 27 = 0. List the prime factors of i(d).
2, 5
Let u = -257 - -342. What are the prime factors of u?
5, 17
Suppose -3*n + 5*y - 27 = -4*n, -y = 5*n - 39. Suppose 0 = -5*i - n*t + 3*t + 679, -5*t = 5*i - 680. What are the prime factors of i?
3, 5
Suppose -26*o = -17*o - 711. List the prime factors of o.
79
Let b be -2 + ((-3)/(-3) - 7). Let u(a) = -a**3 - 8*a**2 - 4*a - 20. What are the prime factors of u(b)?
2, 3
Suppose -2*w + 3*h = 2*w - 24, -3*w + 5*h + 29 = 0. Suppose w*b + 2*b = 1145. List the prime factors of b.
229
Let z be (-8 + 20)*8/6. Let v = z - 17. Let d(j) = j + 3. List the prime factors of d(v).
2
Let z(s) = 10*s**3 - 3*s**2 + 4*s + 3. Let y(a) = -a**3 + a**2 - a. Let w(d) = -y(d) - z(d). Let o be w(-2). Let k = -42 + o. List the prime factors of k.
41
Suppose 62*x - 63*x = -182. Suppose 4*o - 130 - x = 0. List the prime factors of o.
2, 3, 13
Let d(z) = 2*z**2 - 18*z - 91. What are the prime factors of d(30)?
7, 167
Suppose -5*d = 455 - 1275. Let v = -51 + d. What are the prime factors of v?
113
Suppose -5*r - 16 - 24 = 0. Let s = r + 6. Let w = s + 18. List the prime factors of w.
2
Let u(z) = -z - 1. Let s be u(-3). List the prime factors of -3 + 669/11 - s/(-11).
2, 29
Let o be ((-9)/6)/((-1)/2). Suppose -4*u + 51 = -o*u. Suppose 2*y - 4*y + 42 = 2*z, -3*z = -3*y + u. List the prime factors of y.
19
Suppose n - p = 3, -3*n + 4 = -5*p - 1. Suppose n*f + 4*s = 150, 0*f - 3*s - 63 = -3*f. What are the prime factors of f?
2, 13
Suppose z = -4*b + 20, 4*z + 2*b = -6 + 30. Suppose 100 = h + z*h. Let c = h + -15. What are the prime factors of c?
5
List the prime factors of -2834*1/(-8) - 12/(-16).
5, 71
Let p(d) = d**3 - 494. Let y be p(0). Let l be (y - 1)*(-6)/15. Suppose -a = -3*f + 201, -2*a = -3*f - 0*a + l. What are the prime factors of f?
2, 17
Suppose -t - 789 = -5*b, -3*t = -4*b + 520 + 120. Suppose i + 4*l = b, -857 = -4*i - 3*l - 216. List the prime factors of i.
7, 23
Let o be ((-36)/90)/(1 - 892/890). Suppose -10*p - o = -11*p. What are the prime factors of p?
2, 89
Let f = 3 - 13. Let s be (-6 + 1)*4/f. Suppose 96 = s*o + o. What are the prime factors of o?
2
Let z be 4/6 + (-1)/(-3). Let u = -21 - -4. Let h = z - u. What are the prime factors of h?
2, 3
Let w(i) = 2*i**2 - i + 2. Let u be w(1). Suppose -4*p - p = u*d - 11, 2*p + 2*d - 2 = 0. Let r = p + 1. List the prime factors of r.
5
Let t = -15 - -17. Suppose -3*d - 150 = t*d. List the prime factors of ((-26)/4)/(5/d).
3, 13
Suppose 9490 + 8825 = 15*k. List the prime factors of k.
3, 11, 37
List the prime factors of 68/714 - 27044/(-42).
2, 7, 23
Suppose 0 = -3*s + 30. Let t(y) = -y**3 + 9*y**2 + 23*y - 6. What are the prime factors of t(s)?
2, 31
List the prime factors of 1686/4*(-28)/(-21) - -5.
3, 7
Let d(w) = w**2 + 134. Let z be d(0). Let c be ((-282)/(-9))/(2/6). Let y = z - c. List the prime factors of y.
2, 5
Suppose -257 = -2*n - 2*d - 19, 5*d = n - 101. What are the prime factors of n?
2, 29
Let l = -14 + 26. Suppose -4*d = 2*o - l, -5*d + 2 + 13 = o. Suppose v - j - 33 = o, -5*v - 3*j = -2*j - 171. What are the prime factors of v?
2, 17
Let f(j) = j**3 + 6*j**2 + 3*j - 7. Let o = 6 + -11. Let h be f(o). Suppose 2*m = i + 13, -m + 0*m - h*i - 11 = 0. List the prime factors of m.
2
Let y = 4 + -11. Let h = y - -72. Let f = h + -36. What are the prime factors of f?
29
Suppose 7*r + 10 = 2*n + 3*r, 3*n - 4*r - 13 = 0. List the prime factors of (n + (-45)/25)*60.
2, 3
Let f(s) = 9*s**2 + 2*s + 10. What are the prime factors of f(-7)?
19, 23
Let t(h) = h + 12. Let y be t(-5). List the prime factors of 102 + 8 - y - (1 + -4).
2, 53
What are the prime factors of 24/(-48) - (-821)/2?
2, 5, 41
Let v = 88 - 164. Let k = 143 + v. What are the prime factors of k?
67
Suppose 1464 = 6*x - 0*x. What are the prime factors of x?
2, 61
Suppose -2*p + 22 = 4*y, 4*y = -5*p + 11 + 20. Suppose -p = a - 6. Suppose 40 = 2*t + 2*o - 3*o, -a*t + 73 = 5*o. List the prime factors of t.
3, 7
Let t(k) = 4*k**2 - 4*k. Let d be t(2). Let b(v) = -v**3 + 10*v**2 - 21. List the prime factors of b(d).
107
Let k(r) = -r**3 - 7*r**2 - 5*r + 27. Let i be k(-5). Let n be 3/3 - (-2)/1. Suppose -72 = -i*v - 4*c, 3*c - 93 = -n*v + 6. What are the prime factors of v?
2, 3, 5
Let y(l) be the second derivative of -5*l**3/6 - 4*l. Suppose -2*h + 3*r = 2*h + 19, -22 = 5*h - 2*r. List the prime factors of y(h).
2, 5
Let p(i) = 3*i - 21. Let t be p(7). List the prime factors of 3/(4/40 + t).
2, 3, 5
Suppose 0 = v + 36 - 24. Let f = 17 + v. What are the prime factors of (-4)/(-4 + f) + 47?
43
Let m be (-33)/5 - 28/70. What are the prime factors of 1143/21 + 2 - 4/m?
3, 19
Let m = -82 + -48. Let q = -75 - m. List the prime factors of q.
5, 11
Let v(s) = s**3 + s**2 - 2. Let x be v(0). Let o be 12/(-24)*8/x. Suppose -87 + 29 = -o*h. What are the prime factors of h?
29
Let o = 7 - 5. Suppose m + 3 = v, o*v = -3*m - 2*v + 12. Suppose -a + r + 11 = 0, m*r + 51 = 5*a - 4*r. List the prime factors of a.
7
Let w(q) = 3*q - 4. Let t(i) = 3*i - 4. Let g(h) = 3*t(h) - 2*w(h). Let a be g(3). Let p(j) = j**3 - 4*j**2 - 3*j - 2. List the prime factors of p(a).
2
Suppose 90080 = -a + 33*a. What are the prime factors of a?
5, 563
Let o = 37 - 52. List the prime factors of (-951)/o + (-6)/(-10).
2
Suppose -2*a + 382 = 4*w, -140 = -4*w - a + 245. List the prime factors of w.
97
Suppose -4*p + 175 = p. Suppose 5*c - p - 1139 = h, 0 = -h - 4. What are the prime factors of c?
2, 3, 13
Suppose 368*l - 376*l + 2952 = 0. List the prime factors of l.
3, 41
Let m(i) = 4 - 2 + 4*i - 4*i - i. Let w be m(-1). Suppose 0 = 5*q + w*v - 132, 2*v = -5*q + 3*v + 116. List the prime factors of q.
2, 3
Let d(i) = 4*i**3 - 3*i**2 - 39*i - 7. List the prime factors of d(9).
5, 463
Suppose -2*p = -4*h + 22, 5*h - 4*h = -5*p. Let a be 2 + -5 - (-2 - p). What are the prime factors of 19 - (0 - (a - 1))?
2
Let y be 10/(-45) - 133/9. Let h = 68 - y. Suppose -27 - h = -5*c. List the prime factors of c.
2, 11
Let m(c) = 99*c - 204. List the prime factors of m(8).
2, 3, 7
Suppose -7*y + 3*y + 20 = 4*l, 5*l - 39 = 2*y. Suppose 5*w = w - 8. Let b = w + l. What are the prime factors of b?
5
Let s = -311 + 178. List the prime factors of (-2)/(-2 + 6 + s/33).
2, 3, 11
Suppose -13*v = -11*v - 2. List the prime factors of (-6)/(24/140)*(0 - v).
5, 7
Let q be (0 + 183)/((-4)/(-4)). Let j = q - 109. What are the prime factors of j?
2, 37
Suppose 5*k - 67 = 3. Suppose -2*l = -2*u - k, -3*u - 4*l = -2*l + 1. Let h(b) = -2*b**3 - 4*b**2 - 4*b - 3. List the prime factors of h(u).
3
Let c = 11 + -7. Suppose -4*d - 12 = -0*d, 3*l = -4*d - 12. Suppose -y = -2*n + c, l = 4*y - 0*n +